 = 5*w, 0 = 3*p - 4*w + w - 210. What are the prime factors of p?
73
Suppose -2*x - 65 = -7*x. Let c = x - 13. Suppose c = 4*n + 2*t - 40, 2*n = 5*t + 13 - 5. What are the prime factors of n?
3
Let c = 4 + 2. Suppose 4*b - 3*d = 11, 2*d + 4 = 4*b + c*d. Let s(i) = 7*i**2 - 3. What are the prime factors of s(b)?
5
Suppose -4*r - 2593 = -5*x + 1728, -x - r = -866. What are the prime factors of x?
5, 173
Suppose 2*z - z = 1, -2*z + 2 = -4*r. Suppose r*c + c + 37 = 2*v, 3*v - 53 = c. Let a(q) = q**3 - 16*q**2 + 8. What are the prime factors of a(v)?
2
Suppose 0 = 2*p - 2*f - 580, 0*f - 20 = 4*f. List the prime factors of p.
3, 5, 19
Let o(g) = g**2 - 18*g + 15. Let b be o(16). Let i = b + 44. Suppose -4*s = -85 - i. What are the prime factors of s?
2, 7
Suppose -6482 = -18*t + 1528. What are the prime factors of t?
5, 89
What are the prime factors of (-48)/(-14)*(-315)/(-6)?
2, 3, 5
Let q = 99 + -61. Let p = q - 3. List the prime factors of (p - 13) + -2 + 1.
3, 7
Suppose -i = -0*i - 9. Let v be i/(1/(6/(-9))). What are the prime factors of (-442)/(-39) + (-4)/v?
2, 3
Let d be 1/(((-13)/26)/((-2)/2)). Suppose -d*u + 116 = 2*s - 0*s, -120 = -2*s - u. List the prime factors of s.
2, 31
Suppose -11 = 5*k - 66. Suppose -a + t + 7 = 3, -5*a + 2*t = -35. Let z = k - a. List the prime factors of z.
2
Let r(h) = -h**3 + 7*h**2 - 4*h - 14. Let i be r(6). Let l(c) = 15*c**2 + 3*c + 2. List the prime factors of l(i).
2, 7
Let b(g) = -8*g + 22. Let y be b(-10). Let n = y - 31. List the prime factors of n.
71
Let h be (2 - 1) + 53 + -5. Suppose -13*v + h + 16 = 0. List the prime factors of v.
5
Let b = -392 - -147. What are the prime factors of (b + -1)*1*2/(-4)?
3, 41
Suppose 11*o - 589 = -2*v + 16*o, 5*v - 1513 = -o. List the prime factors of v.
2, 151
Suppose -3*v = y - 417, 3*v = 5*v + 4. What are the prime factors of y?
3, 47
Suppose -5*m = 3*k + 10, 4*k - 8*k - 20 = 0. Suppose 2*a + 2 - m = -n, 5*a = 5*n + 35. What are the prime factors of 5 - a - 5 - -24?
2, 11
Suppose 39 - 383 = -4*s + 4*b, -4*s - 4*b + 360 = 0. What are the prime factors of s?
2, 11
Let i(m) = -2*m**2 - 4*m + 1. Let f be i(-4). Let p be f/(-9)*15*2. Let j = p + -19. What are the prime factors of j?
31
Let s = -263 - -331. List the prime factors of s.
2, 17
Let x(b) = 65*b - 2. Let s be x(-3). Let o = s - -381. List the prime factors of o.
2, 23
Let g = 56 + -48. What are the prime factors of (2 - g/6)*36?
2, 3
Let t be (-1)/2*(7 + -11). Suppose 0 = -3*y - 5 + t, 0 = 3*j + 3*y + 36. Let r = 35 + j. List the prime factors of r.
2, 3
Let n(m) = -5 + 8*m + 8 - 2. Let r be n(-6). List the prime factors of r*(-2)/4*2.
47
What are the prime factors of (5119 + 95)*(15/9 - 1)?
2, 11, 79
Let u(g) = g**3 + 15*g**2 + 20*g + 18. List the prime factors of u(-13).
2, 3
Let n be (14/(-2))/(-1 - 0). Let y = 14 - n. Let d(h) = 5*h - 12. List the prime factors of d(y).
23
Suppose 0 = -3*l + 6*l - 780. What are the prime factors of l?
2, 5, 13
Let i(j) = 47*j**2 + 5*j + 2. Let o be i(-2). Let m = -17 + o. List the prime factors of m.
163
Let j(h) = -h**3 - 17*h**2 - 10*h + 8. Let t be j(-16). Let m = t - -133. Suppose -x = -2*z + m, -20 = x + 3*x. List the prime factors of z.
2, 5
Let g(z) = -1061*z - 65. List the prime factors of g(-3).
2, 1559
What are the prime factors of (-414)/(-12) - (7/(-2) - -3)?
5, 7
Suppose 5*a + 2 = 4*v, a + v + 3 = 4*a. Suppose 2*o - 96 = -3*o + a*c, -3*c = 4*o - 86. List the prime factors of o.
2, 5
Let u = -34 + 21. Let o = -5 - u. List the prime factors of o.
2
Let u be ((-42)/15)/(2/10). Let m(d) = d**2 + 8*d + 14. Let s be m(-5). Let l = s - u. List the prime factors of l.
13
Let a(q) = -6*q + 14. Let i be a(9). Let t = 57 + i. Suppose -92 = -19*m + t*m. What are the prime factors of m?
2, 23
Let u be 56 - (2 + 0 + -1). Let m be u/(-5)*(-2)/2. Suppose 175 = 16*x - m*x. List the prime factors of x.
5, 7
Let c(u) = -u**3 - 13*u**2 + 19*u - 37. Let p(b) = -b**3 + 9*b**2 + 8*b + 5. Let f be p(10). List the prime factors of c(f).
2
Let n be 4/(-24) + (39/18 - -1). Suppose n*b - 115 = 2*t - 20, 2*b = -3*t + 85. What are the prime factors of b?
5, 7
Let r(y) = -25*y**3 - 1. Suppose 3 = 2*m + 1. Let b be r(m). What are the prime factors of 4/b + (-1561)/(-91)?
17
Let n(a) = -6*a + a**3 - 2*a**2 - 3*a**2 + 4 + 0*a**3. Let y = 22 + -16. What are the prime factors of n(y)?
2
Suppose 3*h - 20 = -4*v + 6*v, -h - 3*v = -3. List the prime factors of 2 + -3*(-322)/h.
163
Let c be 40/2 + 0 + -2. Let y = c - 6. What are the prime factors of y?
2, 3
Let z = -18 - -22. Suppose 184 = q - z*f, 4*f - 872 = -5*q - 0*f. List the prime factors of (-1)/5 + q/5.
5, 7
Let p(x) = -91*x - 6. What are the prime factors of p(-3)?
3, 89
List the prime factors of (-1)/30*4 - (-286454)/555.
2, 3, 43
Let c(n) = 36*n**2 - 17*n + 63. List the prime factors of c(5).
2, 439
Let l(m) = -24*m**2 + 25*m**2 + 5*m + 0*m + 1. Let c(d) = -d. Let h be c(6). List the prime factors of l(h).
7
Suppose -14*r + 11*r = 3. Let i = 81 + r. What are the prime factors of i?
2, 5
What are the prime factors of (-11 - (-9 - -4)) + 68?
2, 31
Let j = -81 - -139. List the prime factors of j.
2, 29
Let v = -894 - -1357. List the prime factors of v.
463
Let k(o) = -o + 75. Let s be k(0). Let v be (-9)/(-2) - (-3 - 35/(-10)). List the prime factors of (s + v)*4/4.
79
Suppose -7*x + 14*x - 210 = 0. Suppose 2*r - n = -0*r + 40, -3*n - x = -r. List the prime factors of r.
2, 3
List the prime factors of 1417/(-26)*-5*2.
5, 109
Let v be ((-16)/(-40))/(2/90). Suppose k = -h + v + 11, 52 = 2*h + 4*k. List the prime factors of h.
2
Let m = -545 - -582. List the prime factors of m.
37
Suppose -100 = -4*c - 3*y, -c + 5*y + 25 = -0*c. Let p(i) = 2*i**2 + c - 5*i - 17 - 5 - 15. List the prime factors of p(7).
3, 17
Let o = -424 + 1162. What are the prime factors of o?
2, 3, 41
Let b be 2/(-7) - 90/(-21). Suppose 2 = l - b. Let o = l - 0. What are the prime factors of o?
2, 3
Let g(v) be the third derivative of 3*v**2 + 0*v + 5/2*v**3 + 1/24*v**4 + 0. List the prime factors of g(7).
2, 11
Suppose 2*h - 5*h + 295 = -2*r, 4*h - 4*r - 400 = 0. Suppose q + 5*b - h = -4*q, 4*b = 4*q - 76. List the prime factors of q.
19
Suppose -2*u = -5*q + 25, -5*q + 7*u = 3*u - 25. Suppose 1328 = -2*a + 6*a - x, 0 = 2*x. Suppose j = q*j - a. What are the prime factors of j?
83
Let k(d) = -d**2 - 12*d + 14. Let q be k(-14). What are the prime factors of 1/((-4)/q - 1178/4172)?
2, 149
Suppose 13*q - 7002 - 187 = 0. What are the prime factors of q?
7, 79
Let b = -1 + 4. Suppose -9 + 124 = y - 3*s, -2*y + 221 = b*s. What are the prime factors of y?
2, 7
Suppose -6*j - 5*q + 9098 = -2*j, 2281 = j - 2*q. What are the prime factors of j?
3, 11, 23
Let t(k) = k**2 - 2*k - 11. Let g be t(5). Suppose -f + 5*x + 42 + 45 = 0, -5*f + g*x + 498 = 0. List the prime factors of f.
2, 3, 17
Let w(h) = h**2 - 4*h - 2. Let q be w(4). Let p(c) = -2 - 2 - 2 - 10*c + 2. List the prime factors of p(q).
2
Let r(m) = m**2 - 4*m - 3. Let g be r(5). Suppose 0 = 4*j - 12, -3*t - g*j + 6 = -4*j. Suppose 0 = 4*b, 3*s = t*b + 56 + 61. List the prime factors of s.
3, 13
Suppose -5*h = 5*i + 715, 5*i - 3*h + 490 + 249 = 0. Let a = i + 293. What are the prime factors of a?
3, 7
Let v = -16 + 24. Suppose -12*c = -v*c - 340. What are the prime factors of c?
5, 17
Suppose -69*z + 71*z - 318 = 0. List the prime factors of -4 - (-1 - z) - -5.
7, 23
Let p(z) be the third derivative of -z**6/60 - 13*z**5/60 + z**4/6 + 7*z**3/6 + 4*z**2. What are the prime factors of p(-7)?
2, 7
Let k(u) = u**3 + 17*u**2 - u + 7. Let p be k(-17). Let s(y) = -13 - p*y**2 - 25*y**2 + 50*y**2 + 14*y. What are the prime factors of s(-15)?
2
Let s(y) = 2*y**2 + y + 6. Let o be s(0). Suppose o*d - 2*d + 2*r = 304, 304 = 4*d + 3*r. What are the prime factors of d?
2, 19
Suppose -4*m + 3*j + 615 = 0, m + 6*j - 130 = 2*j. Let u = m + -38. What are the prime factors of u?
2, 7
Let r(j) = -j**3 + 8*j**2 + 9*j + 3. Let x be r(9). Suppose p + x*q = 229, -134 - 320 = -2*p - 4*q. What are the prime factors of p?
223
Suppose -4 = -2*a + 2. Let w = -780 + 929. Suppose -w = -a*g + 1. What are the prime factors of g?
2, 5
Let n = -2 - -47. List the prime factors of n.
3, 5
Suppose 3*i - 27 = 3. Let r(x) = -13*x - i + 15*x - 10*x. What are th